ermine h(o).
-34
Let u = 5 - 4. Suppose 4 = m - u. Let x(h) = h**3 - m + 14*h - 6*h - 6*h**2 - h - 5*h. Give x(6).
7
Let m(k) = k**2 - 112*k + 72. Let f(l) = -56*l + 33. Let a(x) = 7*f(x) - 3*m(x). What is a(-19)?
-4
Let i = 125 + -122. Let a(h) = 3 - 210*h**2 - 2 + 214*h**2 - 7*h + h**i. What is a(-5)?
11
Suppose 25 = -4*d + t, -5*t + 13 = 4*d - 8*d. Let x(m) = -m + 9. What is x(d)?
16
Let t(u) = 7*u**3 - 9*u**2. Let n(j) = 2*j**3 - 2*j**2 + j. Let o(r) = -3*n(r) + t(r). Let c = 53 + -74. Let g be (c/(-14))/(3/(-4)). Give o(g).
-14
Let z(m) = -3*m**2 - 17*m + 4. Let p(h) = h**2 + 6*h - 1. Let f(k) = -8*p(k) - 3*z(k). Suppose 401*v = 415*v + 84. Calculate f(v).
14
Let y(t) = 14*t**3 - t**2 - 3*t - 2. Suppose -d - 2*g = -5*g - 14, -4*d = 5*g + 29. Give y(d).
-14
Let q(c) = -21*c**2 - 7935 + 7905 - c**3 + 3*c + c - 6*c. Calculate q(-21).
12
Let o(b) = b**2 - 7*b - 4. Let u = 106 + -105. Let c be 4 - 5/u - -8. Give o(c).
-4
Let i(r) = r**2 + 6*r. Let g(h) = -3*h - 4. Let m be g(-2). Suppose -4*y + v = 29, -4*y + m*v + 2*v = 44. Give i(y).
0
Let o(j) = -1 - 3*j - j - j. Let v = 0 + 1. Suppose -v - 1 = 2*i. Determine o(i).
4
Let s(l) = -5*l**2. Suppose -2*p - 2 = -3*q, p = -2*q + q - 1. Suppose -2*y - 7 = 5*m - 8*m, q = 3*m - 9. Calculate s(y).
-5
Let p(a) = 2*a**3 + 18*a**2 - a - 11. Let o be p(-9). Let j(l) = -6*l - 2. What is j(o)?
10
Let o(k) be the third derivative of -3*k**2 + 3/8*k**4 + 0 - 1/60*k**5 - 4/3*k**3 + 0*k. What is o(6)?
10
Let h(u) = -2*u**2 + 6*u - 2. Let t be (-3)/(-24) - (-434)/112. What is h(t)?
-10
Let c be -4 - (-5 - (1 - -2)). Suppose c*w = -3 + 19. Let o(k) = -k**2 + 4*k - 2. Give o(w).
-2
Suppose -2*j - 9 = -3*c, -5 = 4*j + 2*c + 5. Let o(s) = 2*s + 7. Let h(w) = -13 - 7*w + 3*w - w + 2*w. Let v(y) = 6*h(y) + 11*o(y). What is v(j)?
-13
Let x(a) = 6*a - 1. Let z = -106 + 102. What is x(z)?
-25
Suppose -20*h = -19*h + 6. Suppose p - 3*p + 10 = 0. Let f(b) = -2*b**2 - 4*b**2 - b**3 - b**2 + p - 4*b + 0*b. Determine f(h).
-7
Let u(x) be the third derivative of 1/24*x**4 + 0 + 0*x - x**2 + 1/2*x**3. Let p(f) = -11*f + 165. Let o be p(15). Calculate u(o).
3
Let i(p) be the third derivative of p**4/12 + p**3/3 - 152*p**2. Determine i(-10).
-18
Let l(m) = 8*m**3 + 4*m**2 - 11*m - 14. Let d(w) = 3*w**3 + w**2 - 4*w - 5. Let k(g) = 11*d(g) - 4*l(g). Let u(s) = s + 3. Let c be u(-1). Give k(c).
-11
Let z be (-6)/(-12)*(-12)/3*-2. Let w(u) = -3 - 2*u - 5*u**3 + z*u**3 - 4 - 3*u - 6*u**2. Let i = -7 + 2. Determine w(i).
-7
Let m = -20 - -11. Let k be (-9)/(-6)*(-12)/m. Suppose -k*o - 17 = -5. Let h(p) = -p**2 - 5*p + 4. What is h(o)?
-2
Let y(w) = -w**3 + 7*w**2 - 5*w + 9. Let h be y(6). Let q = h + -20. Let i(d) = -d**2 - 5*d + 5. Give i(q).
5
Let k(u) = u + 9. Let w be k(-7). Let d(y) = w*y + 2*y**2 - 3*y**2 + 5*y**2. What is d(-2)?
12
Let o(f) = 17*f**2 + 4*f**2 - 10*f**2 - 20*f**3 - 13*f - 9 + 19*f**3 + 4*f. Calculate o(10).
1
Suppose 0 = b + 29 - 21. Let z(g) = g**3 + 7*g**2 - 9*g - 9. What is z(b)?
-1
Let c(u) = -u**3 - 7*u**2 - 5*u + 8. Let d be (4 - (12 - 21)) + -19. Calculate c(d).
2
Let y(x) = 33*x**2 - 2. Suppose 2*w + 3*w + 10 = 0. Let a be y(w). Let u be (-4)/6 - a/30. Let m(j) = j**3 + 6*j**2 + 3*j - 6. Give m(u).
4
Suppose -7*x + 163 = -89. Let p be x/30*(-5)/(-2). Let d be -3*(4 + (0 - p)). Let c(v) = -3*v - 4. Calculate c(d).
5
Let r(h) = -18558*h**2 - 3*h + 18558*h**2 - h**3 - 4. Calculate r(-3).
32
Let p = -43 - -42. Let q(l) = 2*l - 1. Let f(z) = -z. Let k(c) = -4*f(c) - q(c). What is k(p)?
-1
Suppose -59 = -16*z + 21. Let i(u) be the first derivative of 2*u**3/3 - 5*u**2/2 - 3*u + 7. What is i(z)?
22
Let x be 18/((42/9)/7). Let z(k) = -k**3 - 28*k + 5 - 1 + x*k - 5*k**2. Calculate z(-5).
9
Suppose -2*n - n = -2*d, -5*n = -10. Suppose t + r = -6, r + 4 = -d*t - 10. Let a(x) = 3 - 2 - 4*x + 5*x. What is a(t)?
-3
Let z(f) = 7*f - 15. Let w be (-1)/1 + (15 - 15). Let q(x) = x + 1. Let o(u) = -7*u + 3. Let m(n) = w*o(n) - 4*q(n). Let a(k) = 9*m(k) - 4*z(k). Give a(-3).
0
Let f(x) = -8*x + 8*x - 2*x - 20 - 18. What is f(-17)?
-4
Let i(m) = -2*m + 6*m - 4*m**2 - 7*m + 4*m. Let s(d) = 17*d**2 - 4*d. Let g(n) = 26*i(n) + 6*s(n). Suppose y = 4*k + 12, -y + 8 + 2 = -3*k. Give g(k).
-12
Let n = 17 + -18. Let r be (-4 - n)/((-2)/10). Let g = r - 17. Let p(s) = 2*s - 2. Give p(g).
-6
Let k(c) = 1. Let u = -10 - -57. Let y(d) = 39 + 0*d**2 + d**2 - 5*d - u. Let f(g) = 3*k(g) + y(g). Calculate f(5).
-5
Let a(o) = o**3 - o + 2. Let y be a(0). Let g = 5 - 5. Let v(d) = -y*d - d + 2*d + g*d - 7. Give v(-6).
-1
Let m be -12*((-9)/(-6) + 0 - 1). Let i(f) be the third derivative of -f**5/60 - 5*f**4/24 + 2*f**3/3 + f**2. Determine i(m).
-2
Let h be -2*1/6*3. Let c be ((-2)/(-5))/(h*4/40). Let y(i) = 2*i - 3. Give y(c).
-11
Suppose 0 = 38*p + 119 + 185. Let f(h) = 6*h + 12. What is f(p)?
-36
Let n(r) = r**3 + 9*r**2 + 10*r + 19. Let k be n(-8). Let i be -1*(4 + k) - -1. Let u(j) = -j - 1. Determine u(i).
5
Let u(g) = -g**2 - 8*g + 2. Let m = 7 - 15. Let k be u(m). Let c(y) = y**k - 3*y - 4 + 2 - 2*y + 3*y. Determine c(4).
6
Let m(p) = -p**2 + 6*p. Suppose 0 = -2*q + 3*h + 20, 0*h = 5*q - h - 37. Give m(q).
-7
Let m(t) = -16*t + 1. Suppose -3 = -c - 0. Suppose -v = -c*l - 7 - 1, -4*l = 5*v + 17. Calculate m(v).
17
Let x(q) = -35 + 365*q**2 + 32 - 366*q**2. Suppose 3*k = 2*n - 19, n = 4*k - 2*n + 27. What is x(k)?
-12
Suppose -4*t + m - 251 = 0, 3*t + 2*t - 2*m = -316. Let u = 66 + t. Let v(x) = x + 4. Give v(u).
8
Let k(w) = -5*w**2 - 11*w + 3. Let g(p) = 8*p**2 + 22*p - 5. Let m(c) = -4*g(c) - 7*k(c). Give m(4).
3
Suppose 2*t - 30 = -4*t. Let w(i) = 2*i - 3. Determine w(t).
7
Suppose 4 = -k, 0*h + 3*h - 20 = 2*k. Let v(x) = x**3 - 5*x**2 + 4*x + 4. Calculate v(h).
4
Let i(n) = -7*n + 11. Let u(g) = -6*g + 9. Let q(t) = 3*i(t) - 4*u(t). Determine q(4).
9
Let f = 103/14 - 6173/840. Let s(d) be the third derivative of -1/60*d**5 + 0 + 7*d**2 + f*d**6 + 0*d - 1/6*d**3 - 1/12*d**4. Calculate s(-1).
-1
Let k(v) be the third derivative of -v**4/24 - 19*v**3/6 + v**2 + 117. Calculate k(-20).
1
Let l(y) be the first derivative of -y**4/6 - y**3/2 - y**2/2 - 9. Let r(m) be the second derivative of l(m). Calculate r(-2).
5
Let n(v) = v**3 + 95*v + 99*v + 2 + 5*v**2 - 203*v. Give n(-7).
-33
Let b(a) be the first derivative of 19*a**3/3 + a**2/2 + a - 51. What is b(-1)?
19
Let f(n) = 3*n + 2. Suppose -s - 4*s = 0. Suppose s = -5*t - 12 + 2. Let j be (t/(-6))/((-2)/30). What is f(j)?
-13
Let m be (1 + 13/65)/((-3)/40). Let i(g) = g + 15. Determine i(m).
-1
Let x(v) = -11*v + 119. Let o be x(10). Let i(a) be the second derivative of -a**3/6 + 9*a**2/2 + 8*a. Determine i(o).
0
Let j(k) = -9*k**2 + k. Suppose 22 = 3*y + 16. Suppose 6*g - 3*g + 2*h = -2, 0 = -g + y*h - 14. Let w be -2 + 6 - (-12)/g. Give j(w).
-8
Let r be (-2 - 0)*12/(-8). Suppose l = -r*l + 24. Let v(x) be the third derivative of x**4/24 + 7*x**3/6 + 7*x**2 + 2. What is v(l)?
13
Let j(r) be the third derivative of -r**4/12 - 2*r**3/3 + r**2. Suppose 7*h = 3*h - 40. Let p be 12/h*(-5)/(-2). Calculate j(p).
2
Let b(w) = -14*w**3 - 15*w**2 + 20*w - 17. Let c(p) = -5*p**3 - 5*p**2 + 7*p - 6. Let g(l) = -4*b(l) + 11*c(l). Give g(-3).
29
Let j(a) = -a - 2. Let s(z) = 4*z + 20. Let w(c) = -5*j(c) - s(c). What is w(0)?
-10
Let q = -1 - 7. Let i(b) = -b**3 - 8*b**2 + 6. Let z be i(q). Suppose 5 = 3*a + 4*w - z, -3*a - 1 = -2*w. Let v(f) = f**2 + f. Give v(a).
2
Let l(d) = -d**3 - d**2 - 10. Let c(b) = -b**2 + 9*b - 8. Let z be c(8). Suppose z = 3*r - 11*r. Determine l(r).
-10
Let k(q) = -q**2 + 2*q. Let a = -74 - -85. Suppose -3*d - a = -5*g + 14, -3*d + 20 = 4*g. Calculate k(g).
-15
Let p = -971 + 966. Let g(d) = -2*d**2 + d. What is g(p)?
-55
Suppose 0 = 7*w + 9*w + 720. Let u be (4 - 0)*(w/(-6) + -6). Let h(i) = 3*i - 6. Calculate h(u).
12
Let u be 4 - 2 - (-5 - -3). Suppose g - u*c + 15 = c, 3*c - 12 = 0. Let a(h) = 4*h**2 + 5*h + 2*h + 5*h**3 - 6*h**3 - 6. Determine a(g).
4
Let k(j) be the first derivative of j**3/3 - j**2 + 4*j - 12. Let c(g) = g - 11. Let v be c(8). Give k(v).
19
Let k(b) be the third derivative of -b**5/60 - b**4/2 - 2*b**3 + 98*b**2. Calculate k(-12).
-12
Suppose 1810*b = 1805*b - 40. Let m(d) = d**3 + 8*d**2 - d - 11. What is m(b)?
-3
Suppose 5 - 25 = 5*m. Let f(